*5/10 + v**2/2 - 3*v. Suppose -5 - 7 = -2*y - 5*p, -p = 5*y - 7. Determine m(y).
-1
Let q(v) be the third derivative of v**6/120 + 7*v**5/60 + 7*v**3/6 - 28*v**2. What is q(-7)?
7
Let q(x) = -x + 4. Suppose -5*z - 25 = 0, 4*h + z + 3 = -34. Let l = h - -12. Determine q(l).
0
Let y = 8 + -4. Let h(i) = -y*i + 4 - 1 + 4*i - 2*i. Calculate h(3).
-3
Let u(r) = 5*r**2 - 5*r + 7. Let m(v) = 4*v**2 - 5*v + 7. Let s(w) = 6*m(w) - 5*u(w). What is s(-5)?
7
Suppose 3*i = -4*v - i + 4, -5 = -5*v + 2*i. Let q be (2/6*0)/v. Let l(z) = z - 3. Calculate l(q).
-3
Let s(c) be the second derivative of c**5/20 + c**4/12 - c. Suppose -4*t - 12 = 0, 4*w = -5*t - 2 - 13. Suppose -5*n + 6*n = w. What is s(n)?
0
Let m = -34 + 40. Let h(k) = k**2 - 6*k + 1. Give h(m).
1
Let l be (-32)/(-12)*9/6. Let d(g) = 6*g + 4. Let o(s) = -7*s - 5. Let n(b) = l*d(b) + 3*o(b). Suppose 3*q + x = 0, -5*x = 14 + 1. Give n(q).
4
Let k = -8 + 8. Let o(j) = -j**2 - 5. Determine o(k).
-5
Let h(s) = -3*s - 7. Let n(d) = 2*d + 3. Let z(m) = -3*h(m) - 5*n(m). Give z(6).
0
Let s(p) = -p**3 - 3*p**2 - p - 3. Let h be (-6)/(-6) - -1*7. Let b = h - 11. Calculate s(b).
0
Let h(q) = 4*q**2 + 2*q + 1. Suppose -2*i + 18 = -5*i. Let r be (i/4)/(12/16). Give h(r).
13
Let k(p) be the third derivative of -7*p**4/24 + p**3/6 - p**2. Let t be -4 - 10/2*-1. What is k(t)?
-6
Let v(s) be the second derivative of s**5/20 + s**4/3 + 2*s**3/3 + 3*s**2/2 + 14*s. What is v(-2)?
3
Let g = -10 - -14. Let s(u) = 4 - 5 + 4 + u. What is s(g)?
7
Suppose 0 = -q - q + 6. Let m(i) = -3*i**2 + 4*i + 2. Let l(h) = -h**2 - h - 1. Let x(n) = 2*l(n) - m(n). Calculate x(q).
-13
Let f(j) = -3*j + 4. Suppose 5*n - 9 = 2*n. Suppose 0*x - n = -x. Give f(x).
-5
Let w(s) = -s**2 + s + 1. Let r(n) = -7*n**2 + 5*n + 5. Let m(f) = -r(f) + 6*w(f). Give m(2).
7
Let w(z) = 3*z**2 + 3*z - 3. Let k(p) = -p**3 - 6*p**2 + 6*p - 5. Let i be k(-7). Determine w(i).
15
Let r(m) = -2*m - 2. Suppose n - 5*n - 32 = 0. Let o = 4 + n. What is r(o)?
6
Let w(o) = -2*o + 9. Let f be w(6). Let l = 21 - 15. Let s(d) = -l*d - d**2 + 0*d - 1 + d. Give s(f).
5
Suppose 0 = -4*n - 2*y + 8, 4 = -n + 2*y - 4. Let f(o) be the third derivative of -1/8*o**4 + 0*o + 2*o**2 + n + 1/3*o**3. Give f(2).
-4
Let r(w) = 3*w. Let y be r(-1). Let n(p) = p**2 + p + 3. Let v be n(y). Let m(b) = -1 + v*b - b**2 - 2*b**2 - 4*b - b**3. Calculate m(-4).
-5
Let r(s) = -s**3 + 9*s**2 - 6*s - 16. Let y be r(8). Let n(a) = -a**3 + a**2 + a - 6. What is n(y)?
-6
Let a(j) = -15*j**2 + 2*j - 11. Let z(d) = 7*d**2 - d + 5. Let r(l) = 6*a(l) + 13*z(l). What is r(-1)?
1
Let v(p) = -p**2 + p + 5. Let x be (-20)/8 + (-10)/(-4). Calculate v(x).
5
Let x(q) = -5*q**3 - 2*q**2 - 2*q - 1. Let z be 6/4*6/3. Suppose -z = -k - 1. Suppose -2 = k*a - 0. Calculate x(a).
4
Let j be 7/3 - (2 + 0). Let q(u) be the second derivative of j*u**4 + 3*u - 3/2*u**2 + 1/3*u**3 + 1/20*u**5 + 0. Give q(-4).
-11
Let i = 2 - -2. Suppose 0 = 5*p - k + 2, -k - k + i = 5*p. Let z(q) = p + 2 + 3*q - 2*q**2 + 1. Give z(3).
-6
Let n(m) = 2*m**3 + 2*m**2 - 2*m. Let p(q) = q**2 + 9*q - 3. Let f be p(-10). Suppose 3*a - 1 = -f. What is n(a)?
-4
Let p(k) = -4*k + 1. Let h(u) = -u. Let l(t) = -5*h(t) + p(t). Let x = -1 + 2. Let q be (10/(-25))/(x/5). Determine l(q).
-1
Let m(w) = 784 - w - 784. What is m(-1)?
1
Let h(x) = 12*x - 29*x + 2 + 14*x. Give h(4).
-10
Suppose 4*l - 6*l = 12. Let k(c) = 3*c + c**2 + 1 + c + 3*c. Give k(l).
-5
Let a(w) = 3*w - 4*w + 2*w - 2*w - 4. Let t(d) = -6*d + 2 - 2 - 3 + d**2. Let h be t(6). Calculate a(h).
-1
Let l(a) = 3*a + 9. Let g be (-4)/(-14) - (237/21 - 5). Calculate l(g).
-9
Let m(x) = -2*x**2 - 13*x - 1. Let z(b) = -b**2 - 6*b. Let f(c) = 6*m(c) - 13*z(c). Let l = -5 - -4. Let g be 1*(l + 0 + 1). What is f(g)?
-6
Let c(t) = 4*t**2 - 1. Suppose -3*p + 1 = 4. Calculate c(p).
3
Let v(j) be the second derivative of 0 + 3/2*j**2 + 1/2*j**3 - 5*j - 1/12*j**4 - 1/10*j**5. Determine v(-2).
9
Suppose 8*b - 13*b = 10. Let x(w) = w**3 + 2*w**2 - 2*w - 1. Determine x(b).
3
Let w be 3/((-15)/(-6) - 1). Let t(l) = -9 + l**3 - 4*l**2 - w*l**3 + 2*l + 3. Determine t(-5).
9
Let b(r) = r**3 - r**2 - 1. Let d be b(2). Let a(c) = 5*c + 7 - d*c - c. Calculate a(0).
7
Suppose 0 = -p - 2*u - 2, 3*p + 5 = 2*u - 1. Let c be (3/p)/((-2)/(-4)). Let w(r) = -1 - 2 - 2*r**2 - 4*r + 0. What is w(c)?
-9
Let u(r) = -r + 2*r - 3*r. Let a be ((-2)/(-3))/((-1)/(-12)). Let f = -11 + a. Give u(f).
6
Suppose -r + 4 - 3 = 0. Suppose h - r - 2 = 0. Let s(a) = -3*a + 4. Calculate s(h).
-5
Let r(x) = x**3 + x**2 + 2*x - 1. Let t = -24 - -37. Suppose 2*c = c + 3*i + 1, 4*c = -5*i - t. Determine r(c).
-9
Let r be ((-32)/(-80))/(1/(-15)). Let j(o) = -o + 1. Let u(l) = l**3 - 5*l**2 - l + 2. Let z(d) = r*j(d) + u(d). Determine z(3).
-7
Let u(s) = s**2 - 5*s - 2. Let v = 5 + -4. Let x = v + 3. What is u(x)?
-6
Let j(r) be the second derivative of -r**5/20 - r**4/4 + r**3/3 + r**2 - r. Suppose 0 = v + 5*c - 13, v + 1 = 2*c - 7. Give j(v).
-6
Let w(u) = -5*u**2 + 4*u - 8. Let c(b) = -2*b**2 + b - 3. Let j(z) = 8*c(z) - 3*w(z). What is j(-5)?
-5
Let x(o) = 3 + 68*o**2 - 68*o**2 + 2*o**3 - 3*o - o**3. Determine x(2).
5
Let k = 14 + -24. Let h(v) = -4*v**2 + 2*v - 4. Let z(i) = -i**2 + i - 1. Let u(m) = k*z(m) + 3*h(m). Let r(l) = -l + 2. Let y be r(4). Determine u(y).
-2
Let v(s) be the first derivative of -s**3/3 + 3*s**2/2 - 4*s + 4. Calculate v(4).
-8
Let a(n) be the first derivative of -1/3*n**3 - n**2 + 3/4*n**4 - n - 9. What is a(-1)?
-3
Let q(h) = 34*h**2 + 3 - 1 - 39*h**2 - 3. Determine q(1).
-6
Let y(x) = -x**3 - x**2 - x + 6. Let u be -2 - -2 - (2 - 2). Determine y(u).
6
Let w(k) = 11*k**2 - 2*k + 10. Let u(x) = -9*x**2 + 3*x - 9. Let g(z) = 5*u(z) + 4*w(z). What is g(6)?
1
Let o(l) = -3*l - 1. Suppose -3*n + a = -1, 0 = -2*n + 6*n + 2*a - 18. Suppose -3*p - 9 = -5*q - 0*p, 2*q = n*p + 2. What is o(q)?
-10
Let q(w) = -2*w**3 - 2*w**2 - 2*w - 1. Let r be q(-1). Suppose 5 - r = -m. Let o be (m/10)/((-1)/(-10)). Let l(k) = k**2 + 6*k + 2. Determine l(o).
-6
Let u(n) be the second derivative of -1/6*n**3 + 1/20*n**5 - 1/12*n**4 + 0 - 4*n + 13/2*n**2. What is u(0)?
13
Let m(x) = 4*x - 5. Suppose -18*c + 20*c = 8. Calculate m(c).
11
Let l(r) = -r**3 - 3*r**2 + 2 - 2*r**2 - r**2. What is l(-6)?
2
Let y be 0 + 1 + -3 + 4. Let u(v) = -4*v + 3. Calculate u(y).
-5
Let m(c) be the second derivative of 0 - c**3 - 6*c + 1/12*c**4 + c**2. Determine m(5).
-3
Let j(w) = w**2 - 5*w - 2. Let s be j(6). Let i(d) = d**2 + 0 - s*d + 1 - 2*d**2. Determine i(-3).
4
Let j(n) = 1 + 4*n**2 - n**2 + 0 - 2*n**2. What is j(-3)?
10
Let u(p) = -1. Let b(w) = w**3 + 3*w**2 + w - 7. Let h(o) = -b(o) + 5*u(o). Suppose 3*s + 0*s + t = -1, -4*s = 4*t - 12. Calculate h(s).
0
Let d(a) = -a**3 - 4*a + 3 + a - 4*a + 7*a**2. What is d(6)?
-3
Let k(y) = y**2 + 6*y + 5. Let h = -10 + 17. Let n = h + -13. Give k(n).
5
Let a(o) be the third derivative of 2*o**2 + 0*o**5 + 0*o + 0*o**3 + 1/120*o**6 + 1/8*o**4 + 0. Let z(f) be the second derivative of a(f). What is z(-1)?
-6
Let j be (2 - 0)*(-63)/(-6). Let d(a) = 6 + 14*a + 9*a - j*a. Suppose -h = 1 + 3. What is d(h)?
-2
Suppose -3*z + 3 = 2*g + 2, 0 = -g - z + 1. Let m be 3/(-9)*-3 + 4. Let h(w) = -5*w**g + m*w - 5 + 0*w**2 - 5*w**3 - 12*w + 4*w**3. What is h(-4)?
7
Suppose 0 = j - 5 - 0. Let r(n) = j + 4*n - n**2 + 1 + 0 - 5. Calculate r(4).
1
Let m(z) = 6*z - 4 + z**3 - z - 6*z - 3 + 10*z**2. Let k be m(-10). Let o(h) = -2*h - 4. Give o(k).
-10
Let f(c) = -3*c**2 - 3*c - 2. Let r be (1 + -3 - 2)/(7 - 5). Give f(r).
-8
Let j(l) be the second derivative of -1/20*l**5 + l - 1/4*l**4 - 1/6*l**3 + 0 - 1/2*l**2. What is j(-2)?
-3
Suppose -5*h + 35 = -0*h. Suppose -d - h = 5*w, 2 = -d + 4*w + 4. Let q(i) = 1 + 0 - 3*i + 0*i. Give q(d).
7
Let x(c) be the first derivative of 2*c**3/3 - c**2 + c + 1. Let g(z) = 3*z + 2. Let k be g(0). What is x(k)?
5
Suppose -7*q = -4*q + 45. Let y be (-9)/q + 6/15. Let n(z) = 4*z - 3*z + 2*z. Give n(y).
3
Let a(y) = -y**3 - 6*y**2 - 6*y - 3. Let q be a(-5). Let k(c) = -q*c + 2*c + 3*c. Let z = 5 - 3. Determine k(z).
6
Let c(w) = -5 + w**2 + 2*w - 6*w**2 + 6 - w**2. What is c(-1)?
-7
Let y(l) be the third derivative of 3*l**2 + 0*l + 0 - 7/24*l**4 - 1/60*l**5 + 1/6*l**3. Give y(-7).
1
Let s(v) = v*